{"id":232,"date":"2026-03-05T10:35:54","date_gmt":"2026-03-05T09:35:54","guid":{"rendered":"https:\/\/danysartdiary.eu\/?page_id=232"},"modified":"2026-03-05T10:35:54","modified_gmt":"2026-03-05T09:35:54","slug":"moje-galerie","status":"publish","type":"page","link":"https:\/\/danysartdiary.eu\/?page_id=232&lang=cs","title":{"rendered":"Moje Galerie"},"content":{"rendered":"\n<p>Tady je v\u00fdb\u011br obraz\u016f, kter\u00e9 jsem namalovala:<\/p>\n\n\n\n<figure class=\"wp-block-image\"><img loading=\"lazy\" decoding=\"async\" width=\"768\" height=\"1024\" src=\"http:\/\/danysartdiary.eu\/wp-content\/uploads\/2025\/01\/IMG_4649-768x1024.jpeg\" alt=\"\" class=\"wp-image-196\" srcset=\"https:\/\/danysartdiary.eu\/wp-content\/uploads\/2025\/01\/IMG_4649-768x1024.jpeg 768w, https:\/\/danysartdiary.eu\/wp-content\/uploads\/2025\/01\/IMG_4649-225x300.jpeg 225w, https:\/\/danysartdiary.eu\/wp-content\/uploads\/2025\/01\/IMG_4649-1152x1536.jpeg 1152w, https:\/\/danysartdiary.eu\/wp-content\/uploads\/2025\/01\/IMG_4649-1536x2048.jpeg 1536w, https:\/\/danysartdiary.eu\/wp-content\/uploads\/2025\/01\/IMG_4649-scaled.jpeg 1920w\" sizes=\"auto, (max-width: 768px) 100vw, 768px\" \/><\/figure>\n\n\n\n<p>Vodop\u00e1d (akvarel, A3, 2025)<\/p>\n\n\n\n<figure class=\"wp-block-image\"><img loading=\"lazy\" decoding=\"async\" width=\"768\" height=\"1024\" src=\"http:\/\/danysartdiary.eu\/wp-content\/uploads\/2025\/01\/IMG_4519-768x1024.jpeg\" alt=\"\" class=\"wp-image-197\" srcset=\"https:\/\/danysartdiary.eu\/wp-content\/uploads\/2025\/01\/IMG_4519-768x1024.jpeg 768w, https:\/\/danysartdiary.eu\/wp-content\/uploads\/2025\/01\/IMG_4519-225x300.jpeg 225w, https:\/\/danysartdiary.eu\/wp-content\/uploads\/2025\/01\/IMG_4519-1152x1536.jpeg 1152w, https:\/\/danysartdiary.eu\/wp-content\/uploads\/2025\/01\/IMG_4519-1536x2048.jpeg 1536w, https:\/\/danysartdiary.eu\/wp-content\/uploads\/2025\/01\/IMG_4519-scaled.jpeg 1920w\" sizes=\"auto, (max-width: 768px) 100vw, 768px\" \/><\/figure>\n\n\n\n<p>Mo\u0159e (akvarel, 30 x 40 cm, 2025)<\/p>\n\n\n\n<figure class=\"wp-block-image\"><img loading=\"lazy\" decoding=\"async\" width=\"768\" height=\"1024\" src=\"http:\/\/danysartdiary.eu\/wp-content\/uploads\/2025\/01\/IMG_4344-768x1024.jpeg\" alt=\"\" class=\"wp-image-198\" srcset=\"https:\/\/danysartdiary.eu\/wp-content\/uploads\/2025\/01\/IMG_4344-768x1024.jpeg 768w, https:\/\/danysartdiary.eu\/wp-content\/uploads\/2025\/01\/IMG_4344-225x300.jpeg 225w, https:\/\/danysartdiary.eu\/wp-content\/uploads\/2025\/01\/IMG_4344-1152x1536.jpeg 1152w, https:\/\/danysartdiary.eu\/wp-content\/uploads\/2025\/01\/IMG_4344-1536x2048.jpeg 1536w, https:\/\/danysartdiary.eu\/wp-content\/uploads\/2025\/01\/IMG_4344-scaled.jpeg 1920w\" sizes=\"auto, (max-width: 768px) 100vw, 768px\" \/><\/figure>\n\n\n\n<p>Na pevnosti (olej na pl\u00e1tn\u011b, 30 x 40 cm, 2025)<\/p>\n\n\n\n<figure class=\"wp-block-image\"><img loading=\"lazy\" decoding=\"async\" width=\"768\" height=\"1024\" src=\"http:\/\/danysartdiary.eu\/wp-content\/uploads\/2025\/01\/IMG_4321-768x1024.jpeg\" alt=\"\" class=\"wp-image-199\" srcset=\"https:\/\/danysartdiary.eu\/wp-content\/uploads\/2025\/01\/IMG_4321-768x1024.jpeg 768w, https:\/\/danysartdiary.eu\/wp-content\/uploads\/2025\/01\/IMG_4321-225x300.jpeg 225w, https:\/\/danysartdiary.eu\/wp-content\/uploads\/2025\/01\/IMG_4321-1152x1536.jpeg 1152w, https:\/\/danysartdiary.eu\/wp-content\/uploads\/2025\/01\/IMG_4321-1536x2048.jpeg 1536w, https:\/\/danysartdiary.eu\/wp-content\/uploads\/2025\/01\/IMG_4321-scaled.jpeg 1920w\" sizes=\"auto, (max-width: 768px) 100vw, 768px\" \/><\/figure>\n\n\n\n<p>Z\u00e1pad slunce abstrakce (olej na pl\u00e1tn\u011b, 50\u00d780 cm, 2025)<\/p>\n\n\n\n<figure class=\"wp-block-image\"><img loading=\"lazy\" decoding=\"async\" width=\"768\" height=\"1024\" src=\"http:\/\/danysartdiary.eu\/wp-content\/uploads\/2025\/01\/IMG_4279-768x1024.jpeg\" alt=\"\" class=\"wp-image-200\" srcset=\"https:\/\/danysartdiary.eu\/wp-content\/uploads\/2025\/01\/IMG_4279-768x1024.jpeg 768w, https:\/\/danysartdiary.eu\/wp-content\/uploads\/2025\/01\/IMG_4279-225x300.jpeg 225w, https:\/\/danysartdiary.eu\/wp-content\/uploads\/2025\/01\/IMG_4279-1152x1536.jpeg 1152w, https:\/\/danysartdiary.eu\/wp-content\/uploads\/2025\/01\/IMG_4279-1536x2048.jpeg 1536w, https:\/\/danysartdiary.eu\/wp-content\/uploads\/2025\/01\/IMG_4279-scaled.jpeg 1920w\" sizes=\"auto, (max-width: 768px) 100vw, 768px\" \/><\/figure>\n\n\n\n<p>Autoportr\u00e9t (olej na pl\u00e1tn\u011b, 40\u00d740 cm, 2025)<\/p>\n\n\n\n<figure class=\"wp-block-image\"><img loading=\"lazy\" decoding=\"async\" width=\"768\" height=\"1024\" src=\"http:\/\/danysartdiary.eu\/wp-content\/uploads\/2025\/01\/IMG_4253-768x1024.jpeg\" alt=\"\" class=\"wp-image-201\" srcset=\"https:\/\/danysartdiary.eu\/wp-content\/uploads\/2025\/01\/IMG_4253-768x1024.jpeg 768w, https:\/\/danysartdiary.eu\/wp-content\/uploads\/2025\/01\/IMG_4253-225x300.jpeg 225w, https:\/\/danysartdiary.eu\/wp-content\/uploads\/2025\/01\/IMG_4253-1152x1536.jpeg 1152w, https:\/\/danysartdiary.eu\/wp-content\/uploads\/2025\/01\/IMG_4253-1536x2048.jpeg 1536w, https:\/\/danysartdiary.eu\/wp-content\/uploads\/2025\/01\/IMG_4253-scaled.jpeg 1920w\" sizes=\"auto, (max-width: 768px) 100vw, 768px\" \/><\/figure>\n\n\n\n<p>Na horizontu (olej na pl\u00e1tn\u011b, 30\u00d740 cm, 2025)<\/p>\n\n\n\n<figure class=\"wp-block-image\"><img loading=\"lazy\" decoding=\"async\" width=\"768\" height=\"1024\" src=\"http:\/\/danysartdiary.eu\/wp-content\/uploads\/2025\/01\/IMG_4239-768x1024.jpeg\" alt=\"\" class=\"wp-image-205\" srcset=\"https:\/\/danysartdiary.eu\/wp-content\/uploads\/2025\/01\/IMG_4239-768x1024.jpeg 768w, https:\/\/danysartdiary.eu\/wp-content\/uploads\/2025\/01\/IMG_4239-225x300.jpeg 225w, https:\/\/danysartdiary.eu\/wp-content\/uploads\/2025\/01\/IMG_4239-1152x1536.jpeg 1152w, https:\/\/danysartdiary.eu\/wp-content\/uploads\/2025\/01\/IMG_4239-1536x2048.jpeg 1536w, https:\/\/danysartdiary.eu\/wp-content\/uploads\/2025\/01\/IMG_4239-scaled.jpeg 1920w\" sizes=\"auto, (max-width: 768px) 100vw, 768px\" \/><\/figure>\n\n\n\n<p>Z\u00e1pad slunce (olej na pl\u00e1tn\u011b, A4, 2024)<\/p>\n\n\n\n<figure class=\"wp-block-image\"><img loading=\"lazy\" decoding=\"async\" width=\"768\" height=\"1024\" src=\"http:\/\/danysartdiary.eu\/wp-content\/uploads\/2025\/01\/IMG_3603-768x1024.jpeg\" alt=\"\" class=\"wp-image-204\" srcset=\"https:\/\/danysartdiary.eu\/wp-content\/uploads\/2025\/01\/IMG_3603-768x1024.jpeg 768w, https:\/\/danysartdiary.eu\/wp-content\/uploads\/2025\/01\/IMG_3603-225x300.jpeg 225w, https:\/\/danysartdiary.eu\/wp-content\/uploads\/2025\/01\/IMG_3603-1152x1536.jpeg 1152w, https:\/\/danysartdiary.eu\/wp-content\/uploads\/2025\/01\/IMG_3603-1536x2048.jpeg 1536w, https:\/\/danysartdiary.eu\/wp-content\/uploads\/2025\/01\/IMG_3603-scaled.jpeg 1920w\" sizes=\"auto, (max-width: 768px) 100vw, 768px\" \/><\/figure>\n\n\n\n<p>Z\u00e1pad slunce v Side, Turecko (akvarel, 30\u00d740 cm, 2024)<\/p>\n\n\n\n<figure class=\"wp-block-image\"><img loading=\"lazy\" decoding=\"async\" width=\"768\" height=\"1024\" src=\"http:\/\/danysartdiary.eu\/wp-content\/uploads\/2025\/01\/IMG_3605-768x1024.jpeg\" alt=\"\" class=\"wp-image-203\" srcset=\"https:\/\/danysartdiary.eu\/wp-content\/uploads\/2025\/01\/IMG_3605-768x1024.jpeg 768w, https:\/\/danysartdiary.eu\/wp-content\/uploads\/2025\/01\/IMG_3605-225x300.jpeg 225w, https:\/\/danysartdiary.eu\/wp-content\/uploads\/2025\/01\/IMG_3605-1152x1536.jpeg 1152w, https:\/\/danysartdiary.eu\/wp-content\/uploads\/2025\/01\/IMG_3605-1536x2048.jpeg 1536w, https:\/\/danysartdiary.eu\/wp-content\/uploads\/2025\/01\/IMG_3605-scaled.jpeg 1920w\" sizes=\"auto, (max-width: 768px) 100vw, 768px\" \/><\/figure>\n\n\n\n<p>Z\u00e1pad slunce imprese (akvarel, 20\u00d730 cm, 2024)<\/p>\n\n\n\n<p><\/p>\n","protected":false},"excerpt":{"rendered":"<p>Tady je v\u00fdb\u011br obraz\u016f, kter\u00e9 jsem namalovala: Vodop\u00e1d (akvarel, A3, 2025) Mo\u0159e (akvarel, 30 x 40 cm, 2025) Na pevnosti (olej na pl\u00e1tn\u011b, 30 x 40 cm, 2025) Z\u00e1pad slunce abstrakce (olej na pl\u00e1tn\u011b, 50\u00d780 cm, 2025) Autoportr\u00e9t (olej na pl\u00e1tn\u011b, 40\u00d740 cm, 2025) Na horizontu (olej na pl\u00e1tn\u011b, 30\u00d740 cm, 2025) Z\u00e1pad slunce (olej&hellip; <a class=\"more-link\" href=\"https:\/\/danysartdiary.eu\/?page_id=232&#038;lang=cs\">Continue reading <span class=\"screen-reader-text\">Moje Galerie<\/span><\/a><\/p>\n","protected":false},"author":1,"featured_media":0,"parent":0,"menu_order":0,"comment_status":"closed","ping_status":"closed","template":"","meta":{"om_disable_all_campaigns":false,"_uf_show_specific_survey":0,"_uf_disable_surveys":false,"footnotes":""},"class_list":["post-232","page","type-page","status-publish","hentry","entry"],"aioseo_notices":[],"_links":{"self":[{"href":"https:\/\/danysartdiary.eu\/index.php?rest_route=\/wp\/v2\/pages\/232","targetHints":{"allow":["GET"]}}],"collection":[{"href":"https:\/\/danysartdiary.eu\/index.php?rest_route=\/wp\/v2\/pages"}],"about":[{"href":"https:\/\/danysartdiary.eu\/index.php?rest_route=\/wp\/v2\/types\/page"}],"author":[{"embeddable":true,"href":"https:\/\/danysartdiary.eu\/index.php?rest_route=\/wp\/v2\/users\/1"}],"replies":[{"embeddable":true,"href":"https:\/\/danysartdiary.eu\/index.php?rest_route=%2Fwp%2Fv2%2Fcomments&post=232"}],"version-history":[{"count":1,"href":"https:\/\/danysartdiary.eu\/index.php?rest_route=\/wp\/v2\/pages\/232\/revisions"}],"predecessor-version":[{"id":233,"href":"https:\/\/danysartdiary.eu\/index.php?rest_route=\/wp\/v2\/pages\/232\/revisions\/233"}],"wp:attachment":[{"href":"https:\/\/danysartdiary.eu\/index.php?rest_route=%2Fwp%2Fv2%2Fmedia&parent=232"}],"curies":[{"name":"wp","href":"https:\/\/api.w.org\/{rel}","templated":true}]}}

<p>Tady je výběr obrazů, které jsem namalovala:</p>



<figure class="wp-block-image"><img loading="lazy" decoding="async" width="768" height="1024" src="http://danysartdiary.eu/wp-content/uploads/2025/01/IMG_4649-768x1024.jpeg" alt="" class="wp-image-196" srcset="https://danysartdiary.eu/wp-content/uploads/2025/01/IMG_4649-768x1024.jpeg 768w, https://danysartdiary.eu/wp-content/uploads/2025/01/IMG_4649-225x300.jpeg 225w, https://danysartdiary.eu/wp-content/uploads/2025/01/IMG_4649-1152x1536.jpeg 1152w, https://danysartdiary.eu/wp-content/uploads/2025/01/IMG_4649-1536x2048.jpeg 1536w, https://danysartdiary.eu/wp-content/uploads/2025/01/IMG_4649-scaled.jpeg 1920w" sizes="auto, (max-width: 768px) 100vw, 768px" /></figure>



<p>Vodopád (akvarel, A3, 2025)</p>



<figure class="wp-block-image"><img loading="lazy" decoding="async" width="768" height="1024" src="http://danysartdiary.eu/wp-content/uploads/2025/01/IMG_4519-768x1024.jpeg" alt="" class="wp-image-197" srcset="https://danysartdiary.eu/wp-content/uploads/2025/01/IMG_4519-768x1024.jpeg 768w, https://danysartdiary.eu/wp-content/uploads/2025/01/IMG_4519-225x300.jpeg 225w, https://danysartdiary.eu/wp-content/uploads/2025/01/IMG_4519-1152x1536.jpeg 1152w, https://danysartdiary.eu/wp-content/uploads/2025/01/IMG_4519-1536x2048.jpeg 1536w, https://danysartdiary.eu/wp-content/uploads/2025/01/IMG_4519-scaled.jpeg 1920w" sizes="auto, (max-width: 768px) 100vw, 768px" /></figure>



<p>Moře (akvarel, 30 x 40 cm, 2025)</p>



<figure class="wp-block-image"><img loading="lazy" decoding="async" width="768" height="1024" src="http://danysartdiary.eu/wp-content/uploads/2025/01/IMG_4344-768x1024.jpeg" alt="" class="wp-image-198" srcset="https://danysartdiary.eu/wp-content/uploads/2025/01/IMG_4344-768x1024.jpeg 768w, https://danysartdiary.eu/wp-content/uploads/2025/01/IMG_4344-225x300.jpeg 225w, https://danysartdiary.eu/wp-content/uploads/2025/01/IMG_4344-1152x1536.jpeg 1152w, https://danysartdiary.eu/wp-content/uploads/2025/01/IMG_4344-1536x2048.jpeg 1536w, https://danysartdiary.eu/wp-content/uploads/2025/01/IMG_4344-scaled.jpeg 1920w" sizes="auto, (max-width: 768px) 100vw, 768px" /></figure>



<p>Na pevnosti (olej na plátně, 30 x 40 cm, 2025)</p>



<figure class="wp-block-image"><img loading="lazy" decoding="async" width="768" height="1024" src="http://danysartdiary.eu/wp-content/uploads/2025/01/IMG_4321-768x1024.jpeg" alt="" class="wp-image-199" srcset="https://danysartdiary.eu/wp-content/uploads/2025/01/IMG_4321-768x1024.jpeg 768w, https://danysartdiary.eu/wp-content/uploads/2025/01/IMG_4321-225x300.jpeg 225w, https://danysartdiary.eu/wp-content/uploads/2025/01/IMG_4321-1152x1536.jpeg 1152w, https://danysartdiary.eu/wp-content/uploads/2025/01/IMG_4321-1536x2048.jpeg 1536w, https://danysartdiary.eu/wp-content/uploads/2025/01/IMG_4321-scaled.jpeg 1920w" sizes="auto, (max-width: 768px) 100vw, 768px" /></figure>



<p>Západ slunce abstrakce (olej na plátně, 50×80 cm, 2025)</p>



<figure class="wp-block-image"><img loading="lazy" decoding="async" width="768" height="1024" src="http://danysartdiary.eu/wp-content/uploads/2025/01/IMG_4279-768x1024.jpeg" alt="" class="wp-image-200" srcset="https://danysartdiary.eu/wp-content/uploads/2025/01/IMG_4279-768x1024.jpeg 768w, https://danysartdiary.eu/wp-content/uploads/2025/01/IMG_4279-225x300.jpeg 225w, https://danysartdiary.eu/wp-content/uploads/2025/01/IMG_4279-1152x1536.jpeg 1152w, https://danysartdiary.eu/wp-content/uploads/2025/01/IMG_4279-1536x2048.jpeg 1536w, https://danysartdiary.eu/wp-content/uploads/2025/01/IMG_4279-scaled.jpeg 1920w" sizes="auto, (max-width: 768px) 100vw, 768px" /></figure>



<p>Autoportrét (olej na plátně, 40×40 cm, 2025)</p>



<figure class="wp-block-image"><img loading="lazy" decoding="async" width="768" height="1024" src="http://danysartdiary.eu/wp-content/uploads/2025/01/IMG_4253-768x1024.jpeg" alt="" class="wp-image-201" srcset="https://danysartdiary.eu/wp-content/uploads/2025/01/IMG_4253-768x1024.jpeg 768w, https://danysartdiary.eu/wp-content/uploads/2025/01/IMG_4253-225x300.jpeg 225w, https://danysartdiary.eu/wp-content/uploads/2025/01/IMG_4253-1152x1536.jpeg 1152w, https://danysartdiary.eu/wp-content/uploads/2025/01/IMG_4253-1536x2048.jpeg 1536w, https://danysartdiary.eu/wp-content/uploads/2025/01/IMG_4253-scaled.jpeg 1920w" sizes="auto, (max-width: 768px) 100vw, 768px" /></figure>



<p>Na horizontu (olej na plátně, 30×40 cm, 2025)</p>



<figure class="wp-block-image"><img loading="lazy" decoding="async" width="768" height="1024" src="http://danysartdiary.eu/wp-content/uploads/2025/01/IMG_4239-768x1024.jpeg" alt="" class="wp-image-205" srcset="https://danysartdiary.eu/wp-content/uploads/2025/01/IMG_4239-768x1024.jpeg 768w, https://danysartdiary.eu/wp-content/uploads/2025/01/IMG_4239-225x300.jpeg 225w, https://danysartdiary.eu/wp-content/uploads/2025/01/IMG_4239-1152x1536.jpeg 1152w, https://danysartdiary.eu/wp-content/uploads/2025/01/IMG_4239-1536x2048.jpeg 1536w, https://danysartdiary.eu/wp-content/uploads/2025/01/IMG_4239-scaled.jpeg 1920w" sizes="auto, (max-width: 768px) 100vw, 768px" /></figure>



<p>Západ slunce (olej na plátně, A4, 2024)</p>



<figure class="wp-block-image"><img loading="lazy" decoding="async" width="768" height="1024" src="http://danysartdiary.eu/wp-content/uploads/2025/01/IMG_3603-768x1024.jpeg" alt="" class="wp-image-204" srcset="https://danysartdiary.eu/wp-content/uploads/2025/01/IMG_3603-768x1024.jpeg 768w, https://danysartdiary.eu/wp-content/uploads/2025/01/IMG_3603-225x300.jpeg 225w, https://danysartdiary.eu/wp-content/uploads/2025/01/IMG_3603-1152x1536.jpeg 1152w, https://danysartdiary.eu/wp-content/uploads/2025/01/IMG_3603-1536x2048.jpeg 1536w, https://danysartdiary.eu/wp-content/uploads/2025/01/IMG_3603-scaled.jpeg 1920w" sizes="auto, (max-width: 768px) 100vw, 768px" /></figure>



<p>Západ slunce v Side, Turecko (akvarel, 30×40 cm, 2024)</p>



<figure class="wp-block-image"><img loading="lazy" decoding="async" width="768" height="1024" src="http://danysartdiary.eu/wp-content/uploads/2025/01/IMG_3605-768x1024.jpeg" alt="" class="wp-image-203" srcset="https://danysartdiary.eu/wp-content/uploads/2025/01/IMG_3605-768x1024.jpeg 768w, https://danysartdiary.eu/wp-content/uploads/2025/01/IMG_3605-225x300.jpeg 225w, https://danysartdiary.eu/wp-content/uploads/2025/01/IMG_3605-1152x1536.jpeg 1152w, https://danysartdiary.eu/wp-content/uploads/2025/01/IMG_3605-1536x2048.jpeg 1536w, https://danysartdiary.eu/wp-content/uploads/2025/01/IMG_3605-scaled.jpeg 1920w" sizes="auto, (max-width: 768px) 100vw, 768px" /></figure>



<p>Západ slunce imprese (akvarel, 20×30 cm, 2024)</p>



<p></p>

<p>Tady je výběr obrazů, které jsem namalovala: Vodopád (akvarel, A3, 2025) Moře (akvarel, 30 x 40 cm, 2025) Na pevnosti (olej na plátně, 30 x 40 cm, 2025) Západ slunce abstrakce (olej na plátně, 50×80 cm, 2025) Autoportrét (olej na plátně, 40×40 cm, 2025) Na horizontu (olej na plátně, 30×40 cm, 2025) Západ slunce (olej&hellip; <a class="more-link" href="https://danysartdiary.eu/?page_id=232&#038;lang=cs">Continue reading <span class="screen-reader-text">Moje Galerie</span></a></p>
