{"id":224,"date":"2026-03-05T09:38:17","date_gmt":"2026-03-05T08:38:17","guid":{"rendered":"http:\/\/danysartdiary.eu\/?page_id=224"},"modified":"2026-03-05T10:41:16","modified_gmt":"2026-03-05T09:41:16","slug":"home-cestina","status":"publish","type":"page","link":"http:\/\/danysartdiary.eu\/?page_id=224&lang=cs","title":{"rendered":"\u00davod"},"content":{"rendered":"\n<p>V\u00edtejte na moj\u00ed webov\u00e9 str\u00e1nce. <\/p>\n\n\n\n<p>Kdy\u017e jste sem zav\u00edtali, mus\u00edte b\u00fdt milovn\u00edkem um\u011bn\u00ed jako j\u00e1. <\/p>\n\n\n\n<p>Douf\u00e1m, \u017ee v moj\u00ed virtu\u00e1ln\u00ed Galerie, najdete alespo\u0148 jeden obraz, kter\u00fd v\u00e1m vykouzl\u00ed usm\u011bv na rtech \ud83d\ude42 Jestli ano, budu r\u00e1da za v\u00e1\u0161 koment\u00e1\u0159 nebo jakoukoliv zp\u011btnou vazbu.<\/p>\n\n\n\n<p>Pokud se v\u00e1m jak\u00fdkoliv obraz bude l\u00edbit tak moc, \u017ee byste ho cht\u011bli met doma, napi\u0161te mi zpr\u00e1vu na Facebooku, instagram nebo pou\u017eijte kontaktn\u00ed formul\u00e1\u0159 tady na webu.<\/p>\n\n\n\n<p>M\u011bjte kr\u00e1sn\u00fd den, <\/p>\n\n\n\n<p>Dany<\/p>\n","protected":false},"excerpt":{"rendered":"<p>V\u00edtejte na moj\u00ed webov\u00e9 str\u00e1nce. Kdy\u017e jste sem zav\u00edtali, mus\u00edte b\u00fdt milovn\u00edkem um\u011bn\u00ed jako j\u00e1. Douf\u00e1m, \u017ee v moj\u00ed virtu\u00e1ln\u00ed Galerie, najdete alespo\u0148 jeden obraz, kter\u00fd v\u00e1m vykouzl\u00ed usm\u011bv na rtech \ud83d\ude42 Jestli ano, budu r\u00e1da za v\u00e1\u0161 koment\u00e1\u0159 nebo jakoukoliv zp\u011btnou vazbu. Pokud se v\u00e1m jak\u00fdkoliv obraz bude l\u00edbit tak moc, \u017ee byste ho&hellip; <a class=\"more-link\" href=\"http:\/\/danysartdiary.eu\/?page_id=224&#038;lang=cs\">Continue reading <span class=\"screen-reader-text\">\u00davod<\/span><\/a><\/p>\n","protected":false},"author":1,"featured_media":0,"parent":0,"menu_order":0,"comment_status":"closed","ping_status":"closed","template":"","meta":{"om_disable_all_campaigns":false,"_uf_show_specific_survey":0,"_uf_disable_surveys":false,"footnotes":""},"class_list":["post-224","page","type-page","status-publish","hentry","entry"],"aioseo_notices":[],"_links":{"self":[{"href":"http:\/\/danysartdiary.eu\/index.php?rest_route=\/wp\/v2\/pages\/224","targetHints":{"allow":["GET"]}}],"collection":[{"href":"http:\/\/danysartdiary.eu\/index.php?rest_route=\/wp\/v2\/pages"}],"about":[{"href":"http:\/\/danysartdiary.eu\/index.php?rest_route=\/wp\/v2\/types\/page"}],"author":[{"embeddable":true,"href":"http:\/\/danysartdiary.eu\/index.php?rest_route=\/wp\/v2\/users\/1"}],"replies":[{"embeddable":true,"href":"http:\/\/danysartdiary.eu\/index.php?rest_route=%2Fwp%2Fv2%2Fcomments&post=224"}],"version-history":[{"count":3,"href":"http:\/\/danysartdiary.eu\/index.php?rest_route=\/wp\/v2\/pages\/224\/revisions"}],"predecessor-version":[{"id":238,"href":"http:\/\/danysartdiary.eu\/index.php?rest_route=\/wp\/v2\/pages\/224\/revisions\/238"}],"wp:attachment":[{"href":"http:\/\/danysartdiary.eu\/index.php?rest_route=%2Fwp%2Fv2%2Fmedia&parent=224"}],"curies":[{"name":"wp","href":"https:\/\/api.w.org\/{rel}","templated":true}]}}